{"id":526,"date":"2023-03-03T14:48:54","date_gmt":"2023-03-03T14:48:54","guid":{"rendered":"https:\/\/gabrielveiz.com.br\/?page_id=526"},"modified":"2024-07-25T18:43:03","modified_gmt":"2024-07-25T18:43:03","slug":"wall_4","status":"publish","type":"page","link":"https:\/\/gabrielveiz.com.br\/index.php\/wall_4\/","title":{"rendered":"wall_04"},"content":{"rendered":"\t\t<div data-elementor-type=\"wp-page\" data-elementor-id=\"526\" class=\"elementor elementor-526\">\n\t\t\t\t\t\t<section class=\"elementor-section elementor-top-section elementor-element elementor-element-7b306f3 elementor-section-full_width elementor-section-height-min-height elementor-section-height-default elementor-section-items-middle\" data-id=\"7b306f3\" data-element_type=\"section\" data-e-type=\"section\" data-settings=\"{&quot;background_background&quot;:&quot;gradient&quot;}\">\n\t\t\t\t\t\t\t<div class=\"elementor-background-overlay\"><\/div>\n\t\t\t\t\t\t\t<div class=\"elementor-container elementor-column-gap-no\">\n\t\t\t\t\t<div class=\"elementor-column elementor-col-100 elementor-top-column elementor-element elementor-element-8420f3a\" data-id=\"8420f3a\" data-element_type=\"column\" data-e-type=\"column\">\n\t\t\t<div class=\"elementor-widget-wrap elementor-element-populated\">\n\t\t\t\t\t\t<div class=\"elementor-element elementor-element-02fc38b elementor-invisible elementor-widget elementor-widget-image\" data-id=\"02fc38b\" data-element_type=\"widget\" data-e-type=\"widget\" data-settings=\"{&quot;_animation&quot;:&quot;fadeInDown&quot;}\" data-widget_type=\"image.default\">\n\t\t\t\t<div class=\"elementor-widget-container\">\n\t\t\t\t\t\t\t\t\t\t\t\t\t\t\t<img fetchpriority=\"high\" decoding=\"async\" width=\"300\" height=\"230\" src=\"https:\/\/gabrielveiz.com.br\/wp-content\/uploads\/2023\/02\/logo_veiznovo_pq.png\" class=\"attachment-large size-large wp-image-358\" alt=\"\" \/>\t\t\t\t\t\t\t\t\t\t\t\t\t\t\t<\/div>\n\t\t\t\t<\/div>\n\t\t\t\t\t<\/div>\n\t\t<\/div>\n\t\t\t\t\t<\/div>\n\t\t<\/section>\n\t\t\t\t<section class=\"elementor-section elementor-top-section elementor-element elementor-element-f481910 elementor-section-boxed elementor-section-height-default elementor-section-height-default\" data-id=\"f481910\" data-element_type=\"section\" data-e-type=\"section\" data-settings=\"{&quot;background_background&quot;:&quot;classic&quot;}\">\n\t\t\t\t\t\t<div class=\"elementor-container elementor-column-gap-default\">\n\t\t\t\t\t<div class=\"elementor-column elementor-col-100 elementor-top-column elementor-element elementor-element-83f772f\" data-id=\"83f772f\" data-element_type=\"column\" data-e-type=\"column\" data-settings=\"{&quot;background_background&quot;:&quot;classic&quot;}\">\n\t\t\t<div class=\"elementor-widget-wrap elementor-element-populated\">\n\t\t\t\t\t\t<div class=\"elementor-element elementor-element-31b7012 elementor-widget elementor-widget-heading\" data-id=\"31b7012\" data-element_type=\"widget\" data-e-type=\"widget\" data-widget_type=\"heading.default\">\n\t\t\t\t<div class=\"elementor-widget-container\">\n\t\t\t\t\t<h2 class=\"elementor-heading-title elementor-size-default\">Veiz - S\u00e3o Paulo 2022<\/h2>\t\t\t\t<\/div>\n\t\t\t\t<\/div>\n\t\t\t\t<div class=\"elementor-element elementor-element-6d9f0fc elementor-widget elementor-widget-text-editor\" data-id=\"6d9f0fc\" data-element_type=\"widget\" data-e-type=\"widget\" data-widget_type=\"text-editor.default\">\n\t\t\t\t<div class=\"elementor-widget-container\">\n\t\t\t\t\t\t\t\t\t<p>Princ\u00edpio b\u00e1sico &#8211; pintura de pr\u00e9dio na cidade de S\u00e3o Paulo para o projeto MAR &#8211; museu de arte de rua.<\/p>\t\t\t\t\t\t\t\t<\/div>\n\t\t\t\t<\/div>\n\t\t\t\t<div class=\"elementor-element elementor-element-b6198a1 gallery-spacing-custom elementor-widget elementor-widget-image-gallery\" data-id=\"b6198a1\" data-element_type=\"widget\" data-e-type=\"widget\" data-widget_type=\"image-gallery.default\">\n\t\t\t\t<div class=\"elementor-widget-container\">\n\t\t\t\t\t\t\t<div class=\"elementor-image-gallery\">\n\t\t\t<div id='gallery-1' class='gallery galleryid-526 gallery-columns-2 gallery-size-full'><figure class='gallery-item'>\n\t\t\t<div class='gallery-icon portrait'>\n\t\t\t\t<a data-elementor-open-lightbox=\"yes\" data-elementor-lightbox-slideshow=\"b6198a1\" data-elementor-lightbox-title=\"UCRS7953\" data-e-action-hash=\"#elementor-action%3Aaction%3Dlightbox%26settings%3DeyJpZCI6NTQyLCJ1cmwiOiJodHRwczpcL1wvZ2FicmllbHZlaXouY29tLmJyXC93cC1jb250ZW50XC91cGxvYWRzXC8yMDIzXC8wM1wvVUNSUzc5NTMuanBnIiwic2xpZGVzaG93IjoiYjYxOThhMSJ9\" href='https:\/\/gabrielveiz.com.br\/wp-content\/uploads\/2023\/03\/UCRS7953.jpg'><img decoding=\"async\" width=\"720\" height=\"1600\" src=\"https:\/\/gabrielveiz.com.br\/wp-content\/uploads\/2023\/03\/UCRS7953.jpg\" class=\"attachment-full size-full\" alt=\"\" srcset=\"https:\/\/gabrielveiz.com.br\/wp-content\/uploads\/2023\/03\/UCRS7953.jpg 720w, https:\/\/gabrielveiz.com.br\/wp-content\/uploads\/2023\/03\/UCRS7953-135x300.jpg 135w, https:\/\/gabrielveiz.com.br\/wp-content\/uploads\/2023\/03\/UCRS7953-461x1024.jpg 461w, https:\/\/gabrielveiz.com.br\/wp-content\/uploads\/2023\/03\/UCRS7953-691x1536.jpg 691w, https:\/\/gabrielveiz.com.br\/wp-content\/uploads\/2023\/03\/UCRS7953-600x1333.jpg 600w\" sizes=\"(max-width: 720px) 100vw, 720px\" \/><\/a>\n\t\t\t<\/div><\/figure><figure class='gallery-item'>\n\t\t\t<div class='gallery-icon portrait'>\n\t\t\t\t<a data-elementor-open-lightbox=\"yes\" data-elementor-lightbox-slideshow=\"b6198a1\" data-elementor-lightbox-title=\"IMG_7511\" data-e-action-hash=\"#elementor-action%3Aaction%3Dlightbox%26settings%3DeyJpZCI6NTI4LCJ1cmwiOiJodHRwczpcL1wvZ2FicmllbHZlaXouY29tLmJyXC93cC1jb250ZW50XC91cGxvYWRzXC8yMDIzXC8wM1wvSU1HXzc1MTEtc2NhbGVkLmpwZyIsInNsaWRlc2hvdyI6ImI2MTk4YTEifQ%3D%3D\" href='https:\/\/gabrielveiz.com.br\/wp-content\/uploads\/2023\/03\/IMG_7511-scaled.jpg'><img decoding=\"async\" width=\"1707\" height=\"2560\" src=\"https:\/\/gabrielveiz.com.br\/wp-content\/uploads\/2023\/03\/IMG_7511-scaled.jpg\" class=\"attachment-full size-full\" alt=\"\" srcset=\"https:\/\/gabrielveiz.com.br\/wp-content\/uploads\/2023\/03\/IMG_7511-scaled.jpg 1707w, https:\/\/gabrielveiz.com.br\/wp-content\/uploads\/2023\/03\/IMG_7511-200x300.jpg 200w, https:\/\/gabrielveiz.com.br\/wp-content\/uploads\/2023\/03\/IMG_7511-683x1024.jpg 683w, https:\/\/gabrielveiz.com.br\/wp-content\/uploads\/2023\/03\/IMG_7511-768x1152.jpg 768w, https:\/\/gabrielveiz.com.br\/wp-content\/uploads\/2023\/03\/IMG_7511-1024x1536.jpg 1024w, https:\/\/gabrielveiz.com.br\/wp-content\/uploads\/2023\/03\/IMG_7511-1365x2048.jpg 1365w, https:\/\/gabrielveiz.com.br\/wp-content\/uploads\/2023\/03\/IMG_7511-600x900.jpg 600w\" sizes=\"(max-width: 1707px) 100vw, 1707px\" \/><\/a>\n\t\t\t<\/div><\/figure><figure class='gallery-item'>\n\t\t\t<div class='gallery-icon landscape'>\n\t\t\t\t<a data-elementor-open-lightbox=\"yes\" data-elementor-lightbox-slideshow=\"b6198a1\" data-elementor-lightbox-title=\"IMG_7704\" data-e-action-hash=\"#elementor-action%3Aaction%3Dlightbox%26settings%3DeyJpZCI6NTM2LCJ1cmwiOiJodHRwczpcL1wvZ2FicmllbHZlaXouY29tLmJyXC93cC1jb250ZW50XC91cGxvYWRzXC8yMDIzXC8wM1wvSU1HXzc3MDQtc2NhbGVkLmpwZyIsInNsaWRlc2hvdyI6ImI2MTk4YTEifQ%3D%3D\" href='https:\/\/gabrielveiz.com.br\/wp-content\/uploads\/2023\/03\/IMG_7704-scaled.jpg'><img loading=\"lazy\" decoding=\"async\" width=\"2560\" height=\"1707\" src=\"https:\/\/gabrielveiz.com.br\/wp-content\/uploads\/2023\/03\/IMG_7704-scaled.jpg\" class=\"attachment-full size-full\" alt=\"\" srcset=\"https:\/\/gabrielveiz.com.br\/wp-content\/uploads\/2023\/03\/IMG_7704-scaled.jpg 2560w, https:\/\/gabrielveiz.com.br\/wp-content\/uploads\/2023\/03\/IMG_7704-300x200.jpg 300w, https:\/\/gabrielveiz.com.br\/wp-content\/uploads\/2023\/03\/IMG_7704-1024x683.jpg 1024w, https:\/\/gabrielveiz.com.br\/wp-content\/uploads\/2023\/03\/IMG_7704-768x512.jpg 768w, https:\/\/gabrielveiz.com.br\/wp-content\/uploads\/2023\/03\/IMG_7704-1536x1024.jpg 1536w, https:\/\/gabrielveiz.com.br\/wp-content\/uploads\/2023\/03\/IMG_7704-2048x1365.jpg 2048w, https:\/\/gabrielveiz.com.br\/wp-content\/uploads\/2023\/03\/IMG_7704-600x400.jpg 600w\" sizes=\"(max-width: 2560px) 100vw, 2560px\" \/><\/a>\n\t\t\t<\/div><\/figure><figure class='gallery-item'>\n\t\t\t<div class='gallery-icon landscape'>\n\t\t\t\t<a data-elementor-open-lightbox=\"yes\" data-elementor-lightbox-slideshow=\"b6198a1\" data-elementor-lightbox-title=\"IMG_7701\" data-e-action-hash=\"#elementor-action%3Aaction%3Dlightbox%26settings%3DeyJpZCI6NTM1LCJ1cmwiOiJodHRwczpcL1wvZ2FicmllbHZlaXouY29tLmJyXC93cC1jb250ZW50XC91cGxvYWRzXC8yMDIzXC8wM1wvSU1HXzc3MDEtc2NhbGVkLmpwZyIsInNsaWRlc2hvdyI6ImI2MTk4YTEifQ%3D%3D\" href='https:\/\/gabrielveiz.com.br\/wp-content\/uploads\/2023\/03\/IMG_7701-scaled.jpg'><img loading=\"lazy\" decoding=\"async\" width=\"2560\" height=\"1707\" src=\"https:\/\/gabrielveiz.com.br\/wp-content\/uploads\/2023\/03\/IMG_7701-scaled.jpg\" class=\"attachment-full size-full\" alt=\"\" srcset=\"https:\/\/gabrielveiz.com.br\/wp-content\/uploads\/2023\/03\/IMG_7701-scaled.jpg 2560w, https:\/\/gabrielveiz.com.br\/wp-content\/uploads\/2023\/03\/IMG_7701-300x200.jpg 300w, https:\/\/gabrielveiz.com.br\/wp-content\/uploads\/2023\/03\/IMG_7701-1024x683.jpg 1024w, https:\/\/gabrielveiz.com.br\/wp-content\/uploads\/2023\/03\/IMG_7701-768x512.jpg 768w, https:\/\/gabrielveiz.com.br\/wp-content\/uploads\/2023\/03\/IMG_7701-1536x1024.jpg 1536w, https:\/\/gabrielveiz.com.br\/wp-content\/uploads\/2023\/03\/IMG_7701-2048x1365.jpg 2048w, https:\/\/gabrielveiz.com.br\/wp-content\/uploads\/2023\/03\/IMG_7701-600x400.jpg 600w\" sizes=\"(max-width: 2560px) 100vw, 2560px\" \/><\/a>\n\t\t\t<\/div><\/figure><figure class='gallery-item'>\n\t\t\t<div class='gallery-icon landscape'>\n\t\t\t\t<a data-elementor-open-lightbox=\"yes\" data-elementor-lightbox-slideshow=\"b6198a1\" data-elementor-lightbox-title=\"IMG_7705\" data-e-action-hash=\"#elementor-action%3Aaction%3Dlightbox%26settings%3DeyJpZCI6NTM3LCJ1cmwiOiJodHRwczpcL1wvZ2FicmllbHZlaXouY29tLmJyXC93cC1jb250ZW50XC91cGxvYWRzXC8yMDIzXC8wM1wvSU1HXzc3MDUtc2NhbGVkLmpwZyIsInNsaWRlc2hvdyI6ImI2MTk4YTEifQ%3D%3D\" href='https:\/\/gabrielveiz.com.br\/wp-content\/uploads\/2023\/03\/IMG_7705-scaled.jpg'><img loading=\"lazy\" decoding=\"async\" width=\"2560\" height=\"1707\" src=\"https:\/\/gabrielveiz.com.br\/wp-content\/uploads\/2023\/03\/IMG_7705-scaled.jpg\" class=\"attachment-full size-full\" alt=\"\" srcset=\"https:\/\/gabrielveiz.com.br\/wp-content\/uploads\/2023\/03\/IMG_7705-scaled.jpg 2560w, https:\/\/gabrielveiz.com.br\/wp-content\/uploads\/2023\/03\/IMG_7705-300x200.jpg 300w, https:\/\/gabrielveiz.com.br\/wp-content\/uploads\/2023\/03\/IMG_7705-1024x683.jpg 1024w, https:\/\/gabrielveiz.com.br\/wp-content\/uploads\/2023\/03\/IMG_7705-768x512.jpg 768w, https:\/\/gabrielveiz.com.br\/wp-content\/uploads\/2023\/03\/IMG_7705-1536x1024.jpg 1536w, https:\/\/gabrielveiz.com.br\/wp-content\/uploads\/2023\/03\/IMG_7705-2048x1365.jpg 2048w, https:\/\/gabrielveiz.com.br\/wp-content\/uploads\/2023\/03\/IMG_7705-600x400.jpg 600w\" sizes=\"(max-width: 2560px) 100vw, 2560px\" \/><\/a>\n\t\t\t<\/div><\/figure><figure class='gallery-item'>\n\t\t\t<div class='gallery-icon landscape'>\n\t\t\t\t<a data-elementor-open-lightbox=\"yes\" data-elementor-lightbox-slideshow=\"b6198a1\" data-elementor-lightbox-title=\"FIMI Drone Camera\" data-e-action-hash=\"#elementor-action%3Aaction%3Dlightbox%26settings%3DeyJpZCI6NTMwLCJ1cmwiOiJodHRwczpcL1wvZ2FicmllbHZlaXouY29tLmJyXC93cC1jb250ZW50XC91cGxvYWRzXC8yMDIzXC8wM1wvSU1HXzc2OTQtc2NhbGVkLmpwZyIsInNsaWRlc2hvdyI6ImI2MTk4YTEifQ%3D%3D\" href='https:\/\/gabrielveiz.com.br\/wp-content\/uploads\/2023\/03\/IMG_7694-scaled.jpg'><img loading=\"lazy\" decoding=\"async\" width=\"2560\" height=\"1920\" src=\"https:\/\/gabrielveiz.com.br\/wp-content\/uploads\/2023\/03\/IMG_7694-scaled.jpg\" class=\"attachment-full size-full\" alt=\"\" aria-describedby=\"gallery-1-530\" srcset=\"https:\/\/gabrielveiz.com.br\/wp-content\/uploads\/2023\/03\/IMG_7694-scaled.jpg 2560w, https:\/\/gabrielveiz.com.br\/wp-content\/uploads\/2023\/03\/IMG_7694-300x225.jpg 300w, https:\/\/gabrielveiz.com.br\/wp-content\/uploads\/2023\/03\/IMG_7694-1024x768.jpg 1024w, https:\/\/gabrielveiz.com.br\/wp-content\/uploads\/2023\/03\/IMG_7694-768x576.jpg 768w, https:\/\/gabrielveiz.com.br\/wp-content\/uploads\/2023\/03\/IMG_7694-1536x1152.jpg 1536w, https:\/\/gabrielveiz.com.br\/wp-content\/uploads\/2023\/03\/IMG_7694-2048x1536.jpg 2048w, https:\/\/gabrielveiz.com.br\/wp-content\/uploads\/2023\/03\/IMG_7694-600x450.jpg 600w\" sizes=\"(max-width: 2560px) 100vw, 2560px\" \/><\/a>\n\t\t\t<\/div>\n\t\t\t\t<figcaption class='wp-caption-text gallery-caption' id='gallery-1-530'>\n\t\t\t\tFIMI Drone Camera\n\t\t\t\t<\/figcaption><\/figure><figure class='gallery-item'>\n\t\t\t<div class='gallery-icon landscape'>\n\t\t\t\t<a data-elementor-open-lightbox=\"yes\" data-elementor-lightbox-slideshow=\"b6198a1\" data-elementor-lightbox-title=\"FIMI Drone Camera\" data-e-action-hash=\"#elementor-action%3Aaction%3Dlightbox%26settings%3DeyJpZCI6NTQxLCJ1cmwiOiJodHRwczpcL1wvZ2FicmllbHZlaXouY29tLmJyXC93cC1jb250ZW50XC91cGxvYWRzXC8yMDIzXC8wM1wvSU1HXzc3MTAtc2NhbGVkLmpwZyIsInNsaWRlc2hvdyI6ImI2MTk4YTEifQ%3D%3D\" href='https:\/\/gabrielveiz.com.br\/wp-content\/uploads\/2023\/03\/IMG_7710-scaled.jpg'><img loading=\"lazy\" decoding=\"async\" width=\"2560\" height=\"1920\" src=\"https:\/\/gabrielveiz.com.br\/wp-content\/uploads\/2023\/03\/IMG_7710-scaled.jpg\" class=\"attachment-full size-full\" alt=\"\" aria-describedby=\"gallery-1-541\" srcset=\"https:\/\/gabrielveiz.com.br\/wp-content\/uploads\/2023\/03\/IMG_7710-scaled.jpg 2560w, https:\/\/gabrielveiz.com.br\/wp-content\/uploads\/2023\/03\/IMG_7710-300x225.jpg 300w, https:\/\/gabrielveiz.com.br\/wp-content\/uploads\/2023\/03\/IMG_7710-1024x768.jpg 1024w, https:\/\/gabrielveiz.com.br\/wp-content\/uploads\/2023\/03\/IMG_7710-768x576.jpg 768w, https:\/\/gabrielveiz.com.br\/wp-content\/uploads\/2023\/03\/IMG_7710-1536x1152.jpg 1536w, https:\/\/gabrielveiz.com.br\/wp-content\/uploads\/2023\/03\/IMG_7710-2048x1536.jpg 2048w, https:\/\/gabrielveiz.com.br\/wp-content\/uploads\/2023\/03\/IMG_7710-600x450.jpg 600w\" sizes=\"(max-width: 2560px) 100vw, 2560px\" \/><\/a>\n\t\t\t<\/div>\n\t\t\t\t<figcaption class='wp-caption-text gallery-caption' id='gallery-1-541'>\n\t\t\t\tFIMI Drone Camera\n\t\t\t\t<\/figcaption><\/figure><figure class='gallery-item'>\n\t\t\t<div class='gallery-icon landscape'>\n\t\t\t\t<a data-elementor-open-lightbox=\"yes\" data-elementor-lightbox-slideshow=\"b6198a1\" data-elementor-lightbox-title=\"FIMI Drone Camera\" data-e-action-hash=\"#elementor-action%3Aaction%3Dlightbox%26settings%3DeyJpZCI6NTM5LCJ1cmwiOiJodHRwczpcL1wvZ2FicmllbHZlaXouY29tLmJyXC93cC1jb250ZW50XC91cGxvYWRzXC8yMDIzXC8wM1wvSU1HXzc3MDktMS1zY2FsZWQuanBnIiwic2xpZGVzaG93IjoiYjYxOThhMSJ9\" href='https:\/\/gabrielveiz.com.br\/wp-content\/uploads\/2023\/03\/IMG_7709-1-scaled.jpg'><img loading=\"lazy\" decoding=\"async\" width=\"2560\" height=\"1920\" src=\"https:\/\/gabrielveiz.com.br\/wp-content\/uploads\/2023\/03\/IMG_7709-1-scaled.jpg\" class=\"attachment-full size-full\" alt=\"\" aria-describedby=\"gallery-1-539\" srcset=\"https:\/\/gabrielveiz.com.br\/wp-content\/uploads\/2023\/03\/IMG_7709-1-scaled.jpg 2560w, https:\/\/gabrielveiz.com.br\/wp-content\/uploads\/2023\/03\/IMG_7709-1-300x225.jpg 300w, https:\/\/gabrielveiz.com.br\/wp-content\/uploads\/2023\/03\/IMG_7709-1-1024x768.jpg 1024w, https:\/\/gabrielveiz.com.br\/wp-content\/uploads\/2023\/03\/IMG_7709-1-768x576.jpg 768w, https:\/\/gabrielveiz.com.br\/wp-content\/uploads\/2023\/03\/IMG_7709-1-1536x1152.jpg 1536w, https:\/\/gabrielveiz.com.br\/wp-content\/uploads\/2023\/03\/IMG_7709-1-2048x1536.jpg 2048w, https:\/\/gabrielveiz.com.br\/wp-content\/uploads\/2023\/03\/IMG_7709-1-600x450.jpg 600w\" sizes=\"(max-width: 2560px) 100vw, 2560px\" \/><\/a>\n\t\t\t<\/div>\n\t\t\t\t<figcaption class='wp-caption-text gallery-caption' id='gallery-1-539'>\n\t\t\t\tFIMI Drone Camera\n\t\t\t\t<\/figcaption><\/figure><figure class='gallery-item'>\n\t\t\t<div class='gallery-icon portrait'>\n\t\t\t\t<a data-elementor-open-lightbox=\"yes\" data-elementor-lightbox-slideshow=\"b6198a1\" data-elementor-lightbox-title=\"IMG_7700\" data-e-action-hash=\"#elementor-action%3Aaction%3Dlightbox%26settings%3DeyJpZCI6NTM0LCJ1cmwiOiJodHRwczpcL1wvZ2FicmllbHZlaXouY29tLmJyXC93cC1jb250ZW50XC91cGxvYWRzXC8yMDIzXC8wM1wvSU1HXzc3MDAtc2NhbGVkLmpwZyIsInNsaWRlc2hvdyI6ImI2MTk4YTEifQ%3D%3D\" href='https:\/\/gabrielveiz.com.br\/wp-content\/uploads\/2023\/03\/IMG_7700-scaled.jpg'><img loading=\"lazy\" decoding=\"async\" width=\"1707\" height=\"2560\" src=\"https:\/\/gabrielveiz.com.br\/wp-content\/uploads\/2023\/03\/IMG_7700-scaled.jpg\" class=\"attachment-full size-full\" alt=\"\" srcset=\"https:\/\/gabrielveiz.com.br\/wp-content\/uploads\/2023\/03\/IMG_7700-scaled.jpg 1707w, https:\/\/gabrielveiz.com.br\/wp-content\/uploads\/2023\/03\/IMG_7700-200x300.jpg 200w, https:\/\/gabrielveiz.com.br\/wp-content\/uploads\/2023\/03\/IMG_7700-683x1024.jpg 683w, https:\/\/gabrielveiz.com.br\/wp-content\/uploads\/2023\/03\/IMG_7700-768x1152.jpg 768w, https:\/\/gabrielveiz.com.br\/wp-content\/uploads\/2023\/03\/IMG_7700-1024x1536.jpg 1024w, https:\/\/gabrielveiz.com.br\/wp-content\/uploads\/2023\/03\/IMG_7700-1365x2048.jpg 1365w, https:\/\/gabrielveiz.com.br\/wp-content\/uploads\/2023\/03\/IMG_7700-600x900.jpg 600w\" sizes=\"(max-width: 1707px) 100vw, 1707px\" \/><\/a>\n\t\t\t<\/div><\/figure><figure class='gallery-item'>\n\t\t\t<div class='gallery-icon portrait'>\n\t\t\t\t<a data-elementor-open-lightbox=\"yes\" data-elementor-lightbox-slideshow=\"b6198a1\" data-elementor-lightbox-title=\"IMG_7699\" data-e-action-hash=\"#elementor-action%3Aaction%3Dlightbox%26settings%3DeyJpZCI6NTMzLCJ1cmwiOiJodHRwczpcL1wvZ2FicmllbHZlaXouY29tLmJyXC93cC1jb250ZW50XC91cGxvYWRzXC8yMDIzXC8wM1wvSU1HXzc2OTktc2NhbGVkLmpwZyIsInNsaWRlc2hvdyI6ImI2MTk4YTEifQ%3D%3D\" href='https:\/\/gabrielveiz.com.br\/wp-content\/uploads\/2023\/03\/IMG_7699-scaled.jpg'><img loading=\"lazy\" decoding=\"async\" width=\"1707\" height=\"2560\" src=\"https:\/\/gabrielveiz.com.br\/wp-content\/uploads\/2023\/03\/IMG_7699-scaled.jpg\" class=\"attachment-full size-full\" alt=\"\" srcset=\"https:\/\/gabrielveiz.com.br\/wp-content\/uploads\/2023\/03\/IMG_7699-scaled.jpg 1707w, https:\/\/gabrielveiz.com.br\/wp-content\/uploads\/2023\/03\/IMG_7699-200x300.jpg 200w, https:\/\/gabrielveiz.com.br\/wp-content\/uploads\/2023\/03\/IMG_7699-683x1024.jpg 683w, https:\/\/gabrielveiz.com.br\/wp-content\/uploads\/2023\/03\/IMG_7699-768x1152.jpg 768w, https:\/\/gabrielveiz.com.br\/wp-content\/uploads\/2023\/03\/IMG_7699-1024x1536.jpg 1024w, https:\/\/gabrielveiz.com.br\/wp-content\/uploads\/2023\/03\/IMG_7699-1365x2048.jpg 1365w, https:\/\/gabrielveiz.com.br\/wp-content\/uploads\/2023\/03\/IMG_7699-600x900.jpg 600w\" sizes=\"(max-width: 1707px) 100vw, 1707px\" \/><\/a>\n\t\t\t<\/div><\/figure><figure class='gallery-item'>\n\t\t\t<div class='gallery-icon portrait'>\n\t\t\t\t<a data-elementor-open-lightbox=\"yes\" data-elementor-lightbox-slideshow=\"b6198a1\" data-elementor-lightbox-title=\"IMG_7698\" data-e-action-hash=\"#elementor-action%3Aaction%3Dlightbox%26settings%3DeyJpZCI6NTMyLCJ1cmwiOiJodHRwczpcL1wvZ2FicmllbHZlaXouY29tLmJyXC93cC1jb250ZW50XC91cGxvYWRzXC8yMDIzXC8wM1wvSU1HXzc2OTgtc2NhbGVkLmpwZyIsInNsaWRlc2hvdyI6ImI2MTk4YTEifQ%3D%3D\" href='https:\/\/gabrielveiz.com.br\/wp-content\/uploads\/2023\/03\/IMG_7698-scaled.jpg'><img loading=\"lazy\" decoding=\"async\" width=\"1707\" height=\"2560\" src=\"https:\/\/gabrielveiz.com.br\/wp-content\/uploads\/2023\/03\/IMG_7698-scaled.jpg\" class=\"attachment-full size-full\" alt=\"\" srcset=\"https:\/\/gabrielveiz.com.br\/wp-content\/uploads\/2023\/03\/IMG_7698-scaled.jpg 1707w, https:\/\/gabrielveiz.com.br\/wp-content\/uploads\/2023\/03\/IMG_7698-200x300.jpg 200w, https:\/\/gabrielveiz.com.br\/wp-content\/uploads\/2023\/03\/IMG_7698-683x1024.jpg 683w, https:\/\/gabrielveiz.com.br\/wp-content\/uploads\/2023\/03\/IMG_7698-768x1152.jpg 768w, https:\/\/gabrielveiz.com.br\/wp-content\/uploads\/2023\/03\/IMG_7698-1024x1536.jpg 1024w, https:\/\/gabrielveiz.com.br\/wp-content\/uploads\/2023\/03\/IMG_7698-1365x2048.jpg 1365w, https:\/\/gabrielveiz.com.br\/wp-content\/uploads\/2023\/03\/IMG_7698-600x900.jpg 600w\" sizes=\"(max-width: 1707px) 100vw, 1707px\" \/><\/a>\n\t\t\t<\/div><\/figure><figure class='gallery-item'>\n\t\t\t<div class='gallery-icon portrait'>\n\t\t\t\t<a data-elementor-open-lightbox=\"yes\" data-elementor-lightbox-slideshow=\"b6198a1\" data-elementor-lightbox-title=\"IMG_7697\" data-e-action-hash=\"#elementor-action%3Aaction%3Dlightbox%26settings%3DeyJpZCI6NTMxLCJ1cmwiOiJodHRwczpcL1wvZ2FicmllbHZlaXouY29tLmJyXC93cC1jb250ZW50XC91cGxvYWRzXC8yMDIzXC8wM1wvSU1HXzc2OTctc2NhbGVkLmpwZyIsInNsaWRlc2hvdyI6ImI2MTk4YTEifQ%3D%3D\" href='https:\/\/gabrielveiz.com.br\/wp-content\/uploads\/2023\/03\/IMG_7697-scaled.jpg'><img loading=\"lazy\" decoding=\"async\" width=\"1707\" height=\"2560\" src=\"https:\/\/gabrielveiz.com.br\/wp-content\/uploads\/2023\/03\/IMG_7697-scaled.jpg\" class=\"attachment-full size-full\" alt=\"\" srcset=\"https:\/\/gabrielveiz.com.br\/wp-content\/uploads\/2023\/03\/IMG_7697-scaled.jpg 1707w, https:\/\/gabrielveiz.com.br\/wp-content\/uploads\/2023\/03\/IMG_7697-200x300.jpg 200w, https:\/\/gabrielveiz.com.br\/wp-content\/uploads\/2023\/03\/IMG_7697-683x1024.jpg 683w, https:\/\/gabrielveiz.com.br\/wp-content\/uploads\/2023\/03\/IMG_7697-768x1152.jpg 768w, https:\/\/gabrielveiz.com.br\/wp-content\/uploads\/2023\/03\/IMG_7697-1024x1536.jpg 1024w, https:\/\/gabrielveiz.com.br\/wp-content\/uploads\/2023\/03\/IMG_7697-1365x2048.jpg 1365w, https:\/\/gabrielveiz.com.br\/wp-content\/uploads\/2023\/03\/IMG_7697-600x900.jpg 600w\" sizes=\"(max-width: 1707px) 100vw, 1707px\" \/><\/a>\n\t\t\t<\/div><\/figure>\n\t\t<\/div>\n\t\t<\/div>\n\t\t\t\t\t\t<\/div>\n\t\t\t\t<\/div>\n\t\t\t\t<div class=\"elementor-element elementor-element-1b31f92 elementor-widget-divider--view-line elementor-widget elementor-widget-divider\" data-id=\"1b31f92\" data-element_type=\"widget\" data-e-type=\"widget\" data-widget_type=\"divider.default\">\n\t\t\t\t<div class=\"elementor-widget-container\">\n\t\t\t\t\t\t\t<div class=\"elementor-divider\">\n\t\t\t<span class=\"elementor-divider-separator\">\n\t\t\t\t\t\t<\/span>\n\t\t<\/div>\n\t\t\t\t\t\t<\/div>\n\t\t\t\t<\/div>\n\t\t\t\t\t<\/div>\n\t\t<\/div>\n\t\t\t\t\t<\/div>\n\t\t<\/section>\n\t\t\t\t<\/div>\n\t\t","protected":false},"excerpt":{"rendered":"<p>Veiz &#8211; S\u00e3o Paulo 2022 Princ\u00edpio b\u00e1sico &#8211; pintura de pr\u00e9dio na cidade de S\u00e3o Paulo para o projeto MAR &#8211; museu de arte de rua. FIMI Drone Camera FIMI Drone Camera FIMI Drone Camera<\/p>\n","protected":false},"author":1,"featured_media":0,"parent":0,"menu_order":0,"comment_status":"closed","ping_status":"closed","template":"elementor_header_footer","meta":{"footnotes":""},"class_list":["post-526","page","type-page","status-publish","hentry"],"_links":{"self":[{"href":"https:\/\/gabrielveiz.com.br\/index.php\/wp-json\/wp\/v2\/pages\/526","targetHints":{"allow":["GET"]}}],"collection":[{"href":"https:\/\/gabrielveiz.com.br\/index.php\/wp-json\/wp\/v2\/pages"}],"about":[{"href":"https:\/\/gabrielveiz.com.br\/index.php\/wp-json\/wp\/v2\/types\/page"}],"author":[{"embeddable":true,"href":"https:\/\/gabrielveiz.com.br\/index.php\/wp-json\/wp\/v2\/users\/1"}],"replies":[{"embeddable":true,"href":"https:\/\/gabrielveiz.com.br\/index.php\/wp-json\/wp\/v2\/comments?post=526"}],"version-history":[{"count":20,"href":"https:\/\/gabrielveiz.com.br\/index.php\/wp-json\/wp\/v2\/pages\/526\/revisions"}],"predecessor-version":[{"id":2933,"href":"https:\/\/gabrielveiz.com.br\/index.php\/wp-json\/wp\/v2\/pages\/526\/revisions\/2933"}],"wp:attachment":[{"href":"https:\/\/gabrielveiz.com.br\/index.php\/wp-json\/wp\/v2\/media?parent=526"}],"curies":[{"name":"wp","href":"https:\/\/api.w.org\/{rel}","templated":true}]}}